{"id":2402,"date":"2020-03-21T16:29:08","date_gmt":"2020-03-21T15:29:08","guid":{"rendered":"https:\/\/www.7emecercle.com\/7C_site\/?post_type=product&#038;p=2402"},"modified":"2020-04-09T17:25:33","modified_gmt":"2020-04-09T15:25:33","slug":"shayo-livre-de-base","status":"publish","type":"product","link":"https:\/\/www.7emecercle.com\/7C_site\/produit\/shayo-livre-de-base\/","title":{"rendered":"Shay\u00f4 &#8211; Livre de base"},"content":{"rendered":"<p class=\"p1\"><span class=\"s1\">La col\u00e8re divine, le <i>Tenbatsu <\/i>a ravag\u00e9 l\u2019archipel japonais. <i>Shay\u00f4<\/i>, le soleil couchant semble devenir le nouvel embl\u00e8me de ces terres d\u00e9vast\u00e9es.\u00a0<\/span><\/p>\n<p class=\"p1\"><span class=\"s1\">Mais, peu \u00e0 peu, apr\u00e8s des conflits meurtriers avec les puissances \u00e9trang\u00e8res, malgr\u00e9 la pollution, la mont\u00e9e des eaux, les \u00e9pid\u00e9mies et la contamination, Hi-no-moto tente de retrouver une stabilit\u00e9 gr\u00e2ce \u00e0 son souverain, le\u00a0<i>Tenn\u00f4, <\/i>alli\u00e9 au nouveau <i>Sh\u00f4gun<\/i>.\u00a0<\/span><\/p>\n<p class=\"p1\"><span class=\"s1\">Samoura\u00efs implacables, chasseurs de reliques \u00e0 la recherche de vestiges de l&rsquo;Ancien monde, <i>shinobi<\/i> au service de diverses factions, pr\u00eatresses aveugles ou exorcistes,\u00a0<\/span><span class=\"s1\">les personnages ont tous pr\u00eat\u00e9 all\u00e9geance au nouveau pouvoir, le seul en mesure de prot\u00e9ger le pays des redoutables <i>onis<\/i> et des non moins dangereux mutants.<\/span><\/p>\n<p class=\"p1\"><span class=\"s1\">Ce livre de base comprend, outre les n\u00e9cessaires r\u00e8gles du jeu et de combat, la cr\u00e9ation de personnages, des exemples d\u2019arch\u00e9types jouables, tous les \u00e9l\u00e9ments de la vie quotidienne sur Hi-no-moto\u00a0<\/span><span class=\"s1\">(vie politique, religion, magie, etc), ainsi que deux sc\u00e9narios pr\u00eats \u00e0 jouer introduisant vos personnages dans le monde de <i>Shay\u00f4<\/i>.<\/span><\/p>\n<p class=\"p1\" style=\"text-align: center;\"><strong><span class=\"s1\">Parviendrez-vous \u00e0 sauver le futur avant que le pass\u00e9 ne vous rattrape ?<\/span><\/strong><\/p>\n<p class=\"p1\" style=\"text-align: center;\"><strong><span class=\"s1\">De vos choix d\u00e9pendra l&rsquo;avenir de l&rsquo;Empire.<\/span><\/strong><\/p>\n","protected":false},"excerpt":{"rendered":"<p class=\"p1\" style=\"text-align: center;\"><span class=\"s1\"><i>Au-dessus de la mer,<br \/>\n<\/i><\/span><span class=\"s1\"><i>Le soleil couchant<br \/>\n<\/i><\/span><span class=\"s1\"><i>Jette ses rayons sur les nuages<br \/>\n<\/i><\/span><span class=\"s1\"><i>En forme de banni\u00e8res ;<br \/>\n<\/i><\/span><span class=\"s1\"><i>Esp\u00e9rons que ce soir la lune sera claire<\/i><\/span><\/p>\n<p class=\"p1\" style=\"text-align: center;\"><span class=\"s1\">Tenji Tenn\u00f4, 15 Manyosh\u00fb<\/span><\/p>\n","protected":false},"featured_media":1402,"comment_status":"open","ping_status":"closed","template":"","meta":{"_uag_custom_page_level_css":"","site-sidebar-layout":"default","site-content-layout":"default","ast-site-content-layout":"default","site-content-style":"default","site-sidebar-style":"default","ast-global-header-display":"","ast-banner-title-visibility":"","ast-main-header-display":"","ast-hfb-above-header-display":"","ast-hfb-below-header-display":"","ast-hfb-mobile-header-display":"","site-post-title":"","ast-breadcrumbs-content":"","ast-featured-img":"","footer-sml-layout":"","ast-disable-related-posts":"","theme-transparent-header-meta":"default","adv-header-id-meta":"","stick-header-meta":"default","header-above-stick-meta":"","header-main-stick-meta":"","header-below-stick-meta":"","astra-migrate-meta-layouts":"default","ast-page-background-enabled":"default","ast-page-background-meta":{"desktop":{"background-color":"","background-image":"","background-repeat":"repeat","background-position":"center center","background-size":"auto","background-attachment":"scroll","background-type":"","background-media":"","overlay-type":"","overlay-color":"","overlay-opacity":"","overlay-gradient":""},"tablet":{"background-color":"","background-image":"","background-repeat":"repeat","background-position":"center center","background-size":"auto","background-attachment":"scroll","background-type":"","background-media":"","overlay-type":"","overlay-color":"","overlay-opacity":"","overlay-gradient":""},"mobile":{"background-color":"","background-image":"","background-repeat":"repeat","background-position":"center center","background-size":"auto","background-attachment":"scroll","background-type":"","background-media":"","overlay-type":"","overlay-color":"","overlay-opacity":"","overlay-gradient":""}},"ast-content-background-meta":{"desktop":{"background-color":"var(--ast-global-color-5)","background-image":"","background-repeat":"repeat","background-position":"center center","background-size":"auto","background-attachment":"scroll","background-type":"","background-media":"","overlay-type":"","overlay-color":"","overlay-opacity":"","overlay-gradient":""},"tablet":{"background-color":"var(--ast-global-color-5)","background-image":"","background-repeat":"repeat","background-position":"center center","background-size":"auto","background-attachment":"scroll","background-type":"","background-media":"","overlay-type":"","overlay-color":"","overlay-opacity":"","overlay-gradient":""},"mobile":{"background-color":"var(--ast-global-color-5)","background-image":"","background-repeat":"repeat","background-position":"center center","background-size":"auto","background-attachment":"scroll","background-type":"","background-media":"","overlay-type":"","overlay-color":"","overlay-opacity":"","overlay-gradient":""}}},"product_brand":[],"product_cat":[63,67,73,72],"product_tag":[83,74,81,78,88,76,91,79,90,89],"class_list":{"0":"post-2402","1":"product","2":"type-product","3":"status-publish","4":"has-post-thumbnail","6":"product_cat-jeu-de-roles","7":"product_cat-shayo","8":"product_cat-version-papier","9":"product_cat-version-pdf","10":"product_tag-apocalypse","11":"product_tag-aventure","12":"product_tag-d10","13":"product_tag-heros","14":"product_tag-japon","15":"product_tag-jdr","16":"product_tag-magie","17":"product_tag-medieval","18":"product_tag-ninja","19":"product_tag-samourai","20":"desktop-align-center","21":"tablet-align-center","22":"mobile-align-center","23":"ast-product-gallery-layout-horizontal-slider","24":"ast-product-tabs-layout-horizontal","25":"ast-qv-on-image","27":"first","28":"instock","29":"featured","30":"sold-individually","31":"shipping-taxable","32":"product-type-grouped"},"uagb_featured_image_src":{"full":["https:\/\/www.7emecercle.com\/7C_site\/wp-content\/uploads\/2020\/01\/Shayo_LdB_Cover.jpg",566,800,false],"thumbnail":["https:\/\/www.7emecercle.com\/7C_site\/wp-content\/uploads\/2020\/01\/Shayo_LdB_Cover-150x150.jpg",150,150,true],"medium":["https:\/\/www.7emecercle.com\/7C_site\/wp-content\/uploads\/2020\/01\/Shayo_LdB_Cover-212x300.jpg",212,300,true],"medium_large":["https:\/\/www.7emecercle.com\/7C_site\/wp-content\/uploads\/2020\/01\/Shayo_LdB_Cover.jpg",566,800,false],"large":["https:\/\/www.7emecercle.com\/7C_site\/wp-content\/uploads\/2020\/01\/Shayo_LdB_Cover.jpg",566,800,false],"1536x1536":["https:\/\/www.7emecercle.com\/7C_site\/wp-content\/uploads\/2020\/01\/Shayo_LdB_Cover.jpg",566,800,false],"2048x2048":["https:\/\/www.7emecercle.com\/7C_site\/wp-content\/uploads\/2020\/01\/Shayo_LdB_Cover.jpg",566,800,false],"woocommerce_thumbnail":["https:\/\/www.7emecercle.com\/7C_site\/wp-content\/uploads\/2020\/01\/Shayo_LdB_Cover-300x400.jpg",300,400,true],"woocommerce_single":["https:\/\/www.7emecercle.com\/7C_site\/wp-content\/uploads\/2020\/01\/Shayo_LdB_Cover.jpg",566,800,false],"woocommerce_gallery_thumbnail":["https:\/\/www.7emecercle.com\/7C_site\/wp-content\/uploads\/2020\/01\/Shayo_LdB_Cover-100x100.jpg",100,100,true]},"uagb_author_info":{"display_name":"florrent","author_link":"https:\/\/www.7emecercle.com\/7C_site\/author\/"},"uagb_comment_info":0,"uagb_excerpt":"Au-dessus de la mer, Le soleil couchant Jette ses rayons sur les nuages En forme de banni\u00e8res ; Esp\u00e9rons que ce soir la lune sera claire Tenji Tenn\u00f4, 15 Manyosh\u00fb","_links":{"self":[{"href":"https:\/\/www.7emecercle.com\/7C_site\/wp-json\/wp\/v2\/product\/2402","targetHints":{"allow":["GET"]}}],"collection":[{"href":"https:\/\/www.7emecercle.com\/7C_site\/wp-json\/wp\/v2\/product"}],"about":[{"href":"https:\/\/www.7emecercle.com\/7C_site\/wp-json\/wp\/v2\/types\/product"}],"replies":[{"embeddable":true,"href":"https:\/\/www.7emecercle.com\/7C_site\/wp-json\/wp\/v2\/comments?post=2402"}],"version-history":[{"count":1,"href":"https:\/\/www.7emecercle.com\/7C_site\/wp-json\/wp\/v2\/product\/2402\/revisions"}],"predecessor-version":[{"id":2403,"href":"https:\/\/www.7emecercle.com\/7C_site\/wp-json\/wp\/v2\/product\/2402\/revisions\/2403"}],"wp:featuredmedia":[{"embeddable":true,"href":"https:\/\/www.7emecercle.com\/7C_site\/wp-json\/wp\/v2\/media\/1402"}],"wp:attachment":[{"href":"https:\/\/www.7emecercle.com\/7C_site\/wp-json\/wp\/v2\/media?parent=2402"}],"wp:term":[{"taxonomy":"product_brand","embeddable":true,"href":"https:\/\/www.7emecercle.com\/7C_site\/wp-json\/wp\/v2\/product_brand?post=2402"},{"taxonomy":"product_cat","embeddable":true,"href":"https:\/\/www.7emecercle.com\/7C_site\/wp-json\/wp\/v2\/product_cat?post=2402"},{"taxonomy":"product_tag","embeddable":true,"href":"https:\/\/www.7emecercle.com\/7C_site\/wp-json\/wp\/v2\/product_tag?post=2402"}],"curies":[{"name":"wp","href":"https:\/\/api.w.org\/{rel}","templated":true}]}}